42 + 36 = 0. Suppose s*o + 1330 = 13*o. List the prime factors of o.
7, 19
Let w(x) = x**2 - 4*x + 1. Let f be w(4). Let b be (f - 1)/(5/(-5)). Suppose -3*u + 2*t = -b*u - 76, 5*t + 99 = 4*u. List the prime factors of u.
2, 13
Let p(t) = 3*t - 14. Let m be p(6). Suppose 0 = 2*o - m*u + 2*u - 2, -17 = -3*o - 4*u. Suppose o*h = 2*h + 34. List the prime factors of h.
2, 17
Let p(d) = d**3 + 4*d**2 + d - 9. Let m be p(-4). Let g(s) = -2*s + 17. List the prime factors of g(m).
43
Suppose -5*z = 14 - 129. Let n = 28 + z. List the prime factors of n.
3, 17
Let x = 2644 + -1272. What are the prime factors of x?
2, 7
Let k(o) = 2*o**2 - 6*o - 7. Let z be k(4). What are the prime factors of z/((-3 - -6)/9)?
3
Let q(z) = -41*z**2 + 2*z - 5. Let u(a) = a. Let n be u(-5). Let l(j) = 20*j**2 - j + 3. Let h(m) = n*l(m) - 3*q(m). List the prime factors of h(1).
2, 11
Suppose -1782 = 17*s - 28*s. What are the prime factors of s?
2, 3
Suppose 10 = y - 1. Suppose 4*r + y*r - 1155 = 0. List the prime factors of r.
7, 11
Suppose 5*p - 466 = -2*i - 2*i, 172 = 2*p - 2*i. What are the prime factors of p?
2, 3, 5
Let b be (-653)/(-7) + 4/(-14). Suppose -196 = -2*s - 68. Let i = b - s. List the prime factors of i.
29
Let z(l) = 12*l + 4. What are the prime factors of z(8)?
2, 5
Suppose 4*w + 254 = 1270. What are the prime factors of w?
2, 127
Let u be 2 - 12/(((-6)/85)/3). Suppose -u = -5*z + 8. What are the prime factors of z?
2, 13
Suppose -5*a + 80 + 15 = 0. Let m = 19 - a. Suppose m = 3*q + q + x - 213, q - 2*x = 51. What are the prime factors of q?
53
Let c = 7 + 40. Let a(x) = 29*x - 3. Let g be a(-1). Let l = c + g. List the prime factors of l.
3, 5
Let d = 2950 + -1158. What are the prime factors of d?
2, 7
Let r(u) = 2*u**3 + 33*u**2 - 16*u + 16. List the prime factors of r(-16).
2, 3, 11
Let p = -19 - -19. Let l(g) = 0*g + 9 + 0*g**2 + p + g**2 + 6*g. What are the prime factors of l(-7)?
2
Let i(w) = w**3 + 18*w**2 - 23*w - 36. List the prime factors of i(-19).
2, 5
Let a be (72/(-20))/(-6)*135. Let x = a + -69. List the prime factors of x.
2, 3
Let o(w) = -15*w. Let t be o(-1). Suppose 0 = 2*i + i + t. What are the prime factors of 177/9 - i/15?
2, 5
Suppose 0 = 2*q - q - 5. Let m = -4 + 8. Suppose -m*k + 12 = 0, -q*h - k = -0*k - 148. What are the prime factors of h?
29
Suppose -3*i + 5*o + 135 = i, 4*i - 2*o = 126. What are the prime factors of 533/5 + 12/i?
107
Let q(p) be the first derivative of -11*p**2/2 - 35*p + 32. List the prime factors of q(-17).
2, 19
List the prime factors of (3*(-3 + 6))/((-5)/(-205)).
3, 41
Suppose 0 + 32 = 3*r - 2*v, r - 16 = -2*v. Let u(x) = r + x**3 + 6*x + 7*x**2 + 0 - 8. What are the prime factors of u(-6)?
2
Let r(d) be the third derivative of -7*d**4/24 - 11*d**3/6 - 10*d**2. Let c be r(-7). Suppose -7*t + 388 = c. What are the prime factors of t?
2, 5
Let o(r) = -7*r + 4. Suppose m = 3*m - 5*v, -2*m - 3*v - 16 = 0. Let i be o(m). Let c = i + 2. List the prime factors of c.
41
Let i be (-768)/28 - 16/28. What are the prime factors of (-4)/(-28) + (-4224)/i?
151
Suppose 48 = 5*l + 428. What are the prime factors of (l + 1)*(-9 - -8)?
3, 5
List the prime factors of (-399386)/(-182) + (-4)/(-7).
5, 439
Let t(s) = -56*s - 3. Let h be t(4). Let j = h - -851. List the prime factors of (-4)/10 - j/(-60).
2, 5
Let c(w) = -2*w + 5. Let j = -30 - -11. Let y = j - -15. What are the prime factors of c(y)?
13
Let a(c) = -c**2 + c. Let o be a(2). Let w be (-2 - 2 - o)*-2. Suppose -3*i - 8 = -w*i. What are the prime factors of i?
2
Let k(s) = -12*s**3 - s**2 - s. Let y be k(-1). Suppose -y = 2*b - 36. Let w = 25 - b. What are the prime factors of w?
13
Let g(f) be the third derivative of f**5/12 + 5*f**4/24 - 3*f**3/2 - f**2. What are the prime factors of g(-4)?
3, 17
Let r be 62/(-8) + 1/(-4). Let j(v) be the first derivative of -3*v**2/2 - 2*v - 56. What are the prime factors of j(r)?
2, 11
Suppose 2 = y + y. What are the prime factors of y/7 + (-2068)/(-28)?
2, 37
Let v(s) be the third derivative of s**5/12 - s**4/6 - s**3/3 - 18*s**2. What are the prime factors of v(-2)?
2, 13
Let p be (4 + -2)*(7 + -6). Suppose -127 = -3*q - w, -4*q + 0*w + 166 = p*w. List the prime factors of q.
2, 11
Suppose 5*l - 485 = -0*l. Suppose 10*b - 557 = -l. What are the prime factors of b?
2, 23
Let s be -15 - (-4)/(-2)*1. Let r = -13 - s. Suppose 13 = 5*n - 2*q, 0 = -r*n - n + 4*q + 11. What are the prime factors of n?
3
Suppose -5*h = 4*x - 9*x + 155, -34 = -2*x - 5*h. Suppose -2*b + k - x = -4*b, 2*k - 2 = 0. Suppose -2*u + b = 3. List the prime factors of u.
5
Let z(y) = 11*y**2 + 13*y - 69. What are the prime factors of z(4)?
3, 53
Let w = 16 - 17. Let u = w + 1. Suppose -h - 16 = -5*d, -d + 7*h - 2*h - 16 = u. List the prime factors of d.
2
Let d = 878 + -26. What are the prime factors of d?
2, 3, 71
Let w(u) = -18 + 0*u + u + 7*u - u**3 + 13*u**2 - 4*u. Let p be w(13). Suppose 3*o - 26 = p. What are the prime factors of o?
2, 5
Let i(u) = 74*u**2 + 2*u. List the prime factors of i(-2).
2, 73
Suppose 0 = 14*u + 11*u - 10475. List the prime factors of u.
419
Let q(u) = 3*u**2 + 3*u - 21. Let h(l) = 2*l**2 + 2*l - 14. Let m(y) = 8*h(y) - 5*q(y). Let i be m(3). Suppose i*p + 52 = 217. What are the prime factors of p?
3, 11
Suppose -3*x - 25584 = -19*x. What are the prime factors of x?
3, 13, 41
Let o(z) = -3*z + 36. List the prime factors of o(-32).
2, 3, 11
Suppose -2*t + 5*f + 1791 = 0, 4*f = 6 + 14. What are the prime factors of t?
2, 227
Suppose 2*i - i = -34. Let n be 830/16 + ((-82)/(-16) - 5). Let t = i + n. What are the prime factors of t?
2, 3
Let l be (-1512)/(-120)*((0 - -1) + 24). Suppose 0*f = 9*f - l. What are the prime factors of f?
5, 7
Suppose -2*u = o - 260 - 23, -4*u + 853 = 3*o. What are the prime factors of o?
7, 41
List the prime factors of 7 + (-20)/3 - 3491/(-3).
2, 3, 97
Let x = 57 + -32. Let v = -11 - -23. Let c = v + x. What are the prime factors of c?
37
Suppose 2*j = 4*d - 24, 2*d + j = -1 + 9. Suppose -d*o = -25, -5*o = -2*s - 0*o - 27. What are the prime factors of 47 + s - (14 + -16)?
2, 3
Suppose -704*i = -699*i - 8290. What are the prime factors of i?
2, 829
Let s be 2*(-3)/24 + 84/16. Suppose -230 = -0*f - s*f. List the prime factors of f.
2, 23
List the prime factors of 1194*12/((-48)/(-10)).
3, 5, 199
Suppose 15340 = 4*a + 6*a. List the prime factors of a.
2, 13, 59
Suppose -123 = -12*r + 2925. List the prime factors of r.
2, 127
Let r(o) = -o**2 + 21*o + 4. Let l = 30 + -19. Let c be r(l). Suppose 5*k - 191 = c. What are the prime factors of k?
61
Suppose -106 + 312 = -2*t. Let i = 150 + t. What are the prime factors of i?
47
Let c(k) = 8*k**3 - k**2 - 2*k + 1. Let a(o) = o**3. Suppose -3*z - 3 = 15. Let d(h) = z*a(h) + c(h). What are the prime factors of d(2)?
3
Suppose 0 = -0*m + 4*m - 8. Suppose 3 = -m*t + 4*l + 27, -4*t - 4*l = 0. Suppose 0 = t*i + 26 - 66. List the prime factors of i.
2, 5
Let b(t) = t + 4. Let r be b(1). Suppose s = 3*k + 45, -r*s + 2*s - 5*k + 177 = 0. List the prime factors of s.
2, 3
Let i be -542*(-4 - (-3 + 2)). Let d be 3/18 - i/36. List the prime factors of (-1 - -3)/((-2)/d).
3, 5
Suppose 932 = 14*q - 18*q. Let k = q - -437. List the prime factors of k.
2, 3, 17
Suppose 0 = 82*z - 83*z + 713. Suppose 366 + z = 13*i. What are the prime factors of i?
83
Let v(g) = 11*g + 269. Let f = 1 - 1. What are the prime factors of v(f)?
269
Let j be 9*(3/9 + 0). Suppose -j*s + 162 = 3*l, -127 = -5*s + 5*l + 183. Suppose 0 = -2*n + s. What are the prime factors of n?
29
Suppose 4*u - 17428 = -4*w, u = -9*w + 6*w + 13081. What are the prime factors of w?
2, 3, 727
Let w be 1 - (8 - 0)/1. Let t = -2 - w. Suppose -2*m + t = c - 4, -2*m = -4*c - 34. What are the prime factors of m?
7
Let x(j) = 9*j + 6. Let l(d) be the second derivative of 17*d**3/6 + 6*d**2 + 3*d. Let o(y) = 6*l(y) - 11*x(y). What are the prime factors of o(6)?
2, 3
Let h(o) = -6*o**2 - 1. Let i be h(-1). Let z be (i/(-2))/((-6)/72). What are the prime factors of 24/z + 88/7?
2, 3
Suppose 0*l = 3*l - 18. Let k(g) = g**3 + 2*g**2 + 5*g - 27. List the prime factors of k(l).
3, 97
Let w = 3706 - 2259. List the prime factors of w.
1447
Suppose 0 = 15*o - 12*o + 5*f - 15048, -o + 5016 = -5*f. List the prime factors of o.
2, 3, 11, 